ase 11) to base 2
11111111111
Convert 112202 (base 3) to base 8.
616
Convert -872 (base 12) to base 15.
-578
Convert 4852 (base 9) to base 14.
145d
374b (base 12) to base 14
23c7
Convert 16 (base 10) to base 16.
10
-1011001111 (base 2) to base 4
-23033
What is 137 (base 13) in base 9?
258
-3db (base 15) to base 7
-2366
Convert 13033 (base 6) to base 5.
30330
What is 1406 (base 13) in base 12?
17bb
Convert -2a634 (base 11) to base 15.
-cca5
Convert -245 (base 11) to base 14.
-16b
Convert -6552 (base 16) to base 9.
-38520
What is 8abb (base 13) in base 6?
225524
What is -c1 (base 15) in base 11?
-155
Convert 2421010 (base 5) to base 15.
d58a
Convert -3052 (base 8) to base 6.
-11150
-225 (base 14) to base 5
-3200
What is -2243 (base 8) in base 3?
-1121222
-133523 (base 7) to base 5
-1302201
Convert 254 (base 6) to base 2.
1101010
13361 (base 7) to base 15
1115
100101110 (base 2) to base 8
456
What is -458 (base 11) in base 8?
-1043
What is 290a (base 15) in base 11?
6667
What is -11111111100001 (base 2) in base 10?
-16353
377 (base 8) to base 12
193
What is 10011012 (base 3) in base 15?
a35
What is -530 (base 12) in base 13?
-462
What is -241 (base 10) in base 13?
-157
-13d4 (base 14) to base 7
-13154
-4cb (base 15) to base 12
-76b
What is -1102124 (base 5) in base 14?
-6d1d
What is -13701 (base 8) in base 10?
-6081
-303122 (base 4) to base 14
-12b0
Convert 1395 (base 11) to base 4.
130012
-635 (base 8) to base 5
-3123
-384b (base 14) to base 11
-7460
Convert 1101000001110 (base 2) to base 16.
1a0e
310 (base 12) to base 15
1e9
What is 65a8 (base 13) in base 8?
33525
Convert -11532 (base 6) to base 15.
-792
What is -80c4 (base 14) in base 10?
-22124
What is 648 (base 13) in base 16?
432
Convert -330 (base 12) to base 11.
-396
Convert b07 (base 15) to base 7.
10144
What is 35 (base 9) in base 7?
44
-1123232 (base 5) to base 6
-234350
327c (base 14) to base 12
507a
Convert 245 (base 9) to base 10.
203
10102 (base 4) to base 16
112
1041 (base 14) to base 2
101011110001
Convert -807 (base 16) to base 8.
-4007
-1d20 (base 15) to base 9
-8613
What is -114214 (base 5) in base 10?
-4309
-1837 (base 14) to base 3
-12222112
13421 (base 6) to base 10
2101
What is -5055 (base 10) in base 8?
-11677
-100010010110 (base 2) to base 13
-1001
Convert 14335 (base 10) to base 16.
37ff
468 (base 9) to base 10
386
Convert 55465 (base 9) to base 2.
1000111111100001
What is -50ea (base 15) in base 4?
-10023013
Convert -20147 (base 10) to base 16.
-4eb3
What is -212120021 (base 3) in base 5?
-1022204
-67a (base 12) to base 15
-43d
Convert 164 (base 8) to base 6.
312
Convert -1231415 (base 6) to base 16.
-103a3
What is 10142 (base 5) in base 16?
2a0
What is -20065 (base 7) in base 5?
-123344
What is 2021 (base 15) in base 12?
3b11
Convert 405 (base 13) to base 9.
836
What is -a9b (base 16) in base 4?
-222123
What is -1122220 (base 5) in base 6?
-234010
116 (base 8) to base 2
1001110
Convert -339 (base 11) to base 5.
-3110
Convert -93 (base 14) to base 5.
-1004
Convert 11100 (base 2) to base 6.
44
-2012022222 (base 3) to base 15
-cc38
What is -110100100110 (base 2) in base 16?
-d26
Convert 90ac (base 15) to base 12.
15809
Convert 440 (base 9) to base 15.
190
Convert 5484 (base 12) to base 15.
2b61
Convert -11122 (base 4) to base 10.
-346
-1101010001101001 (base 2) to base 14
-15b61
Convert -1000100100010111 (base 2) to base 13.
-12c88
What is -1101100100 (base 2) in base 10?
-868
Convert 423 (base 15) to base 5.
12213
Convert 24656 (base 9) to base 16.
40bf
1999 (base 11) to base 8
4740
Convert -3 (base 11) to base 10.
-3
-7561 (base 9) to base 14
-2055
Convert 5b55 (base 14) to base 11.
10a91
Convert 1543 (base 15) to base 2.
1000111010011
What is -525 (base 6) in base 9?
-238
Convert 13260 (base 8) to base 13.
284a
103202 (base 4) to base 16
4e2
Convert 1111121 (base 3) to base 5.
13341
What is 300 (base 12) in base 3?
121000
Convert -a397 (base 13) to base 2.
-101100001001001
Convert 31130 (base 5) to base 15.
910
Convert 18328 (base 11) to base 6.
314522
What is -8b67 (base 15) in base 8?
-71604
Convert 9391 (base 11) to base 9.
18054
What is 184 (base 14) in base 11?
264
What is 110111101110 (base 2) in base 9?
4802
Convert 555220 (base 6) to base 16.
b5bc
200122200 (base 3) to base 14
4d55
What is -50142 (base 7) in base 11?
-9096
Convert -12407 (base 9) to base 13.
-3a54
-4641 (base 8) to base 9
-3338
-1305 (base 6) to base 4
-11021
Convert a35 (base 16) to base 2.
101000110101
Convert 20310 (base 4) to base 14.
2c4
Convert 1250 (base 7) to base 8.
734
1002110 (base 3) to base 11
663
Convert 244432 (base 6) to base 10.
21764
What is -1644 (base 12) in base 2?
-101001010100
-11314 (base 5) to base 6
-3510
-3220 (base 5) to base 14
-231
-10010011100 (base 3) to base 2
-1110111110101001
What is 243 (base 15) in base 10?
513
Convert b450 (base 12) to base 13.
8c31
What is 2fa1 (base 16) in base 15?
392d
17c7 (base 15) to base 9
7037
Convert -12123 (base 9) to base 3.
-102010210
-1034 (base 10) to base 11
-860
2000 (base 7) to base 4
22232
What is 1110000010 (base 2) in base 14?
482
What is 841 (base 11) in base 16?
3f5
Convert -56553 (base 8) to base 14.
-8a03
What is -1a33 (base 11) in base 16?
-a11
-2368 (base 11) to base 5
-44344
Convert -1266 (base 7) to base 15.
-229
-22113 (base 5) to base 15
-6c3
What is 10545 (base 6) in base 12?
a55
Convert -3005 (base 6) to base 2.
-1010001101
Convert 1024310 (base 5) to base 6.
212451
1b48 (base 15) to base 13
2903
Convert 6998 (base 15) to base 9.
33668
What is -3664 (base 7) in base 4?
-111121
-154346 (base 7) to base 2
-111011010011101
What is -11264 (base 9) in base 12?
-441a
What is 63 (base 7) in base 14?
33
What is -1322241 (base 5) in base 6?
-323003
-3759 (base 12) to base 8
-14165
What is -232021 (base 5) in base 12?
-4a2a
Convert a89a (base 14) to base 6.
342532
-395 (base 13) to base 7
-1556
What is 14591 (base 11) in base 8?
50276
352 (base 7) to base 15
c4
-142 (base 6) to base 2
-111110
Convert 11001 (base 3) to base 2.
1101101
Convert -1555 (base 6) to base 16.
-1af
Convert -256 (base 16) to base 15.
-29d
Convert 103220302 (base 4) to base 13.
2a7c3
Convert -5589 (base 10) to base 2.
-1010111010101
-1b2 (base 13) to base 4
-10322
-560 (base 11) to base 4
-22133
254a (base 14) to base 12
3946
Convert -7c (base 13) to base 6.
-251
What is -12233 (base 4) in base 9?
-528
-2120100 (base 3) to base 12
-1100
Convert -1a2 (base 13) to base 5.
-2201
Convert 1316 (base 7) to base 5.
4003
Convert -141320 (base 6) to base 3.
-200020110
Convert -3513 (base 6) to base 16.
-345
-381 (base 10) to base 15
-1a6
Convert 89 (base 13) to base 6.
305
22221 (base 3) to base 5
1431
What is -15322 (base 6) in base 5?
-34443
What is -110402 (base 6) in base 2?
-10010000000010
Convert -367 (base 9) to base 10.
-304
128b (base 13) to base 4
221122
21020130 (base 4) to base 11
26114
26ba (base 13) to base 6
41425
-12f0 (base 16) to base 6
-34240
Convert -112130 (base 4) to base 5.
-21221
21300 (base 4) to base 10
624
32321 (base 4) to base 16
3b9
109 (base 13) to base 9
217
-2442 (base 6) to base 12
-422
Convert -59 (base 12) to base 5.
-234
Convert -1748 (base 13) to base 8.
-6560
-d4c0 (base 15) to base 2
-1010111110011011
What is -68bd (base 16) in base 11?
-19166
Convert -113204 (base 5) to base 14.
-1747
What is 18 (base 15) in base 8?
27
-45203 (base 7) to base 9
-16588
-1111000000010 (base 2) to base 15
-2422
What is -9e1 (base 16) in base 8?
-4741
What is 2184 (base 10) in base 14?
b20
What is 3000002 (base 4) in base 16?
3002
17336 (base 11) to base 5
1234420
-12044 (base 6) to base 14
-8d6
What is -144 (base 13) in base 11?
-195
What is -5211 (base 13) in base 15?
-355c
102023 (base 5) to base 16
d3c
Convert -1000010111 (base 2) to base 4.
-20113
What is -1a83b (base 12) in base 11?
-27510
What is -9b7 (base 13) in base 15?
-766
Convert 296 (base 16) to base 6.
3022
Convert 1010010011011110 (base 2) to base 3.
2010220012
What is 1600 (base 7) in base 14?
337
Convert -801 (base 16) to base 14.
-a65
-201120 (base 5) to base 15
-1d75
What is 23112 (base 4) in base 9?
886
5976 (base 15) to base 4
10221003
Convert 421210 (base 5) to base 11.
a514
What is -8a77 (base 12) in base 14?
-584b
Convert 123223 (base 5) to base 16.
12cd
